 j/(-3) - 4/6. Let a be (-8)/(2/(-10) + u). Calculate the greatest common factor of a and 16.
8
Let m(i) = -i - 4. Let t(w) = -w**3 - 7*w**2 - 7*w - 1. Let q be t(-6). Suppose q*v + 25 = -0*v. Let o be m(v). Calculate the greatest common factor of o and 1.
1
Suppose -10 + 0 = -5*x. Suppose -x*o - 18 = o. Let r(h) = h**3 + 8*h**2 + 8*h + 9. Let p be r(o). Calculate the highest common divisor of 22 and p.
11
Let n be 23/4 + 2/8. Let m(y) = 65*y**3 + y**2 + y - 1. Let z be m(1). What is the highest common factor of n and z?
6
Let t = 17 - 10. Let s(x) = 5 + 4 + t + x**3. Let z be s(0). Calculate the highest common factor of z and 2.
2
Let m be ((-3)/2)/(-3)*0. Suppose w + 3 = 2*g - m*w, 0 = g - 3*w - 14. Let i be (-8)/(-4) - (g + -19). What is the greatest common factor of 55 and i?
11
Let s = -715 - -1062. Let m = s + -232. What is the highest common factor of m and 46?
23
Suppose 0 = 2*w - 7*w - 85. Let r be 0 - w - (5 + -2). What is the highest common factor of r and 70?
14
Let l(t) = t + 11. Let m be l(-9). Let j be 3/(63/(-22) - -3). Calculate the greatest common factor of m and j.
2
Let f(o) = -3*o + 3. Let m = 3 + -9. Let g be f(m). Suppose 2*c - 3 = c. What is the greatest common divisor of c and g?
3
Suppose -3*s = -39 + 12. Suppose 15 = 5*x - 3*i, 3*x - 2*i = -6*i + s. Let l be x/(-12) - (-546)/8. What is the highest common divisor of 17 and l?
17
Let s be ((-2)/4)/(10/(-500)). What is the highest common divisor of s and 5?
5
Let s(f) = -f**2 - 6*f + 1. Let i be s(-6). Let q be 22/i*(-1)/(-2). What is the highest common divisor of q and 11?
11
Let d(u) = 8*u + 10. Let x be d(10). Suppose -6*l = -l - x. Calculate the greatest common divisor of l and 126.
18
Let v be 120/(-18)*(-96)/10. Let w(m) = -16*m. Let a be w(-1). Calculate the greatest common divisor of a and v.
16
Let w(u) = -5*u - 5. Let h be w(-8). Let o be h*18 + -1 + 1. Suppose -8*k = -3*k - o. Calculate the highest common divisor of k and 14.
14
Let n = 1 + 1. Suppose 6 = -0*f + n*f. Suppose f*r - 22 = -7. What is the greatest common divisor of r and 50?
5
Let f be -16*((-15)/(-6))/(-5). Suppose -31 + 95 = 4*m. Calculate the highest common divisor of m and f.
8
Let c(j) = 6*j + 2. Let d be c(4). Suppose -d = -2*y - 0*y. Suppose -3*x + 95 = 4*f, f = 3*x - 8*x + 11. Calculate the greatest common factor of y and f.
13
Let t be (0 - 23/(-5)) + (-12)/(-30). What is the highest common factor of 20 and t?
5
Suppose 0 = 4*q - 145 - 95. Let g = -42 + q. What is the highest common divisor of 12 and g?
6
Suppose -3*w = -w - 12. Calculate the highest common divisor of 3 and w.
3
Let n be (5 - 9) + (96 - 2). Let v(w) = -2 + 6 + 0*w**2 - w**3 - 5*w + 7*w**2. Let r be v(6). Calculate the highest common factor of r and n.
10
Let h(u) = u**2 + 1. Let p(d) = -2*d - 1. Let k be p(-2). Let g be h(k). Suppose 18*t - 13*t = 250. Calculate the greatest common factor of g and t.
10
Let m(s) = -2*s**3. Let y be m(-1). Suppose -y*z + 4 = -8. Suppose 5*f - 87 = -3*u, -5*f - u + 71 = -2*u. Calculate the highest common factor of f and z.
3
Suppose -128 = 2*t - 6*t + 4*o, 0 = 2*o - 6. Let m = 11 + -6. What is the highest common divisor of m and t?
5
Suppose -5*m = 3*v - 68, v + 4*v - 5*m = 140. Calculate the greatest common divisor of v and 65.
13
Suppose -3*j + 1 + 38 = 0. Let o = -126 - -269. Calculate the highest common divisor of o and j.
13
Suppose 0 = -g + 1 + 20. Let n = 7 + -17. Let x be (-25)/n*14/5. What is the highest common divisor of g and x?
7
Let x(j) = -j**3 - 4*j**2 - j - 2. Let p be x(-4). Let r be 30 - (1 + p + -1). Let h be (-52)/(-14) + 8/r. Calculate the greatest common factor of 28 and h.
4
Let k be (0 + -33)*(-38 + 6). Let c be k/21 - 4/14. Calculate the highest common factor of 10 and c.
10
Let h be ((-79)/(-2))/((-3)/6). Let k = h - -127. Suppose 0 = 3*x - x - k. What is the highest common divisor of 8 and x?
8
Suppose 0 = -5*m + 5*u - 10 - 15, 0 = 3*m + u + 3. Let c be 24*-3*m/18. What is the highest common factor of 72 and c?
8
Let j be (0 - 0)/(2 - 4). Suppose 3*d - 75 = 8*d - m, j = -5*m. Let t = 27 + d. What is the highest common factor of 12 and t?
12
Let y(b) be the first derivative of -b**4/4 - 4*b**3/3 - b**2 - 3*b - 4. Let z be y(-4). Calculate the highest common divisor of z and 40.
5
Suppose 4*h - 17 = -2*d + 7, 4*d = 4*h + 24. Suppose -d = -0*c - 4*c. What is the greatest common factor of c and 6?
2
Let a(s) = -39*s + 1. Let v be 4/16 + 10/(-8). Let n be a(v). Suppose -5*i + n = -0*i. What is the greatest common divisor of 64 and i?
8
Let r(i) = -i**2 - 18*i + 10. Let h be r(-17). Calculate the highest common divisor of h and 18.
9
Suppose -4*z - 3*r + 415 = 2*r, 15 = 5*r. Suppose 2*x = -x - 63. Let g = -1 - x. What is the greatest common factor of z and g?
20
Let m(a) = -a**2 - a + 6. Let c be m(0). Let x be (-1)/2 + 27/c. What is the greatest common factor of x and 4?
4
Let o(a) be the third derivative of a**5/60 - a**4/24 + a**3/2 - 2*a**2. Let f = 11 + -8. Let w be o(f). Calculate the greatest common divisor of 45 and w.
9
Let l be (3 - 5)/((-1)/1). Suppose -z + 70 = 2*k - 6*z, -4*z - 70 = -l*k. Calculate the highest common factor of k and 5.
5
Let g be 15/((-3 + 2)*-1). Let h = -8 + g. Calculate the greatest common divisor of 1 and h.
1
Let t be (8/6)/((-4)/(-54)). Suppose 8 = 5*o - 4*o. Let j(b) = b**3 - 5*b**2 - 7*b - 10. Let r be j(o). Calculate the highest common factor of r and t.
18
Let d be -3 - -4 - 4*-1. Suppose -2*m - 9 = -4*q - 45, 4*m - 111 = -d*q. Calculate the highest common divisor of m and 16.
8
Suppose 0 = 7*o + 3*o - 140. Calculate the highest common divisor of 14 and o.
14
Let f(g) = -3*g. Let z be f(-4). Let b = 309 - 301. Calculate the highest common divisor of z and b.
4
Let p = 10 + -5. Suppose p*s - 15 = -0. Suppose -x = -2*x - c + 12, -s*c = 2*x - 20. Calculate the highest common factor of 16 and x.
16
Let c(t) = t**3 + 2*t - 4. Let f be c(2). Suppose -2 = -k + 22. Calculate the greatest common factor of f and k.
8
Suppose -2*s = 2*b - b - 3, -4*b = 4*s - 28. Calculate the highest common factor of b and 11.
11
Let x = -4 + 7. Let b be x - -1*(0 + 109). Let p(z) = -z**3 - 7*z**2 - 8*z + 4. Let d be p(-6). Calculate the greatest common factor of b and d.
16
Let i be 1/((-6)/4)*-3. Suppose c + i = 127. Suppose -2*q + c = -147. Calculate the highest common divisor of 17 and q.
17
Let q(m) = 3*m - 5. Let p be q(4). Let b(j) be the third derivative of 7*j**4/6 - 2*j**2. Let v be b(2). Calculate the highest common factor of p and v.
7
Let w = -2 - -18. What is the highest common factor of w and 144?
16
Suppose 5*p - 20 = 0, -4*j + 5*p + 156 = -0*j. Calculate the greatest common factor of 44 and j.
44
Let q(z) = -z**2 - 4*z + 1. Let a be q(-2). Suppose a*o + 30 = 2*s - s, 5*o = -4*s + 20. What is the greatest common divisor of s and 10?
10
Let d(o) = 2*o**2 - 2*o + 4. Let w be d(-4). Calculate the greatest common factor of w and 4.
4
Let w be (-5292)/(-343)*(-1 + 1 - -7). What is the greatest common factor of w and 12?
12
Suppose 5*k - 80 = -5*i, 5*k - 60 = -0*k - i. Suppose 3*y + k = 4*y. What is the highest common factor of 121 and y?
11
Let q(f) = f**2 + 5*f - 18. Let c be q(-14). Calculate the highest common factor of 12 and c.
12
Suppose 2*x - 22 = -p - 0*x, 2*p - 47 = -x. Calculate the greatest common factor of 240 and p.
24
Suppose 32 = 8*y - 16. What is the highest common divisor of y and 8?
2
Let l = 6 + -3. Let o be (-2 + 1)*1 + l. Calculate the greatest common divisor of 22 and o.
2
Let h(f) = f**2 + 5*f + 4. Let y be h(-6). Let j = y + -19. Let c be 2/j + (-164)/(-9). Calculate the highest common factor of c and 12.
6
Let d(n) = n**3 - 4*n**2 - 4*n + 5. Let a be d(5). Suppose s = -s + a. Suppose -i - 2*y = 4*i - 23, 5*y + s = 0. What is the highest common factor of 20 and i?
5
Let h(a) = -a**3 + a**2 - a + 8. Let o be h(0). Let v be (-34)/(-8) + 7/(-28). Let s be (-10)/(1*(-2)/v). Calculate the highest common divisor of s and o.
4
Let s be 1 - 1/(2/4). Let d be (24/28)/(s/(-7)). Calculate the greatest common divisor of d and 3.
3
Let q = 153 - 31. Let s = q + -58. What is the highest common divisor of 16 and s?
16
Let g = 2 + 2. Let b(t) = 4*t - 3*t - g + 4*t. Let y be b(3). Calculate the greatest common factor of 99 and y.
11
S